{"id":101,"date":"2024-09-16T17:19:58","date_gmt":"2024-09-16T15:19:58","guid":{"rendered":"https:\/\/www.soggettogiuridico.it\/?page_id=101"},"modified":"2024-09-16T17:19:58","modified_gmt":"2024-09-16T15:19:58","slug":"controllo-buste-paga-e-tfr","status":"publish","type":"page","link":"https:\/\/www.soggettogiuridico.it\/?page_id=101","title":{"rendered":"Controllo buste paga e TFR"},"content":{"rendered":"\n<p>La busta paga \u00e8 il principale e fondamentale documento a cui riferirsi per comprendere termini e modalit\u00e0 di svolgimento del rapporto di lavoro. Il servizio offerto consente alla Lavoratrice ed al Lavoratore di verificare se la propria busta paga \u00e8 corrispondente alle previsioni normative ed ai minimi contrattuali.<\/p>\n\n\n\n<p>Dal controllo emerge se gli elementi retributivi, quali ad esempio scatti di anzianit\u00e0, aumenti contrattuali, indennit\u00e0 varie e maggiorazioni oppure se gli elementi normativi quali festivit\u00e0, ferie e permessi, inquadramento indicati siano in linea con quanto svolto dalla Lavoratrice o dal Lavoratore e quanto previsto dai Contratti collettivi di lavoro.<\/p>\n\n\n\n<p>Il Trattamento di Fine Rapporto (TFR) \u00e8 un elemento retributivo previsto per Legge ed alla cui maturazione concorrono svariate voci retributive, ma non tutte; il suo controllo deve essere effettuato con competenza tenendo conto di ciascuna mensilit\u00e0 erogata e relativo cedolino paga.<\/p>\n\n\n\n<p><strong>Documenti necessari<\/strong><\/p>\n\n\n\n<ul class=\"wp-block-list\">\n<li>Contratto di assunzione ed eventuali lettere di modifica contrattuale<\/li>\n\n\n\n<li>Tutte le buste paga del periodo lavorativo interessato<\/li>\n\n\n\n<li>CUD annuali del periodo interessato<\/li>\n<\/ul>\n","protected":false},"excerpt":{"rendered":"<p>La busta paga \u00e8 il principale e fondamentale documento a cui riferirsi per comprendere termini e modalit\u00e0 di svolgimento del rapporto di lavoro. Il servizio offerto consente alla Lavoratrice ed&hellip;<\/p>\n","protected":false},"author":1,"featured_media":0,"parent":78,"menu_order":0,"comment_status":"closed","ping_status":"closed","template":"","meta":{"footnotes":""},"class_list":["post-101","page","type-page","status-publish","hentry"],"_links":{"self":[{"href":"https:\/\/www.soggettogiuridico.it\/index.php?rest_route=\/wp\/v2\/pages\/101","targetHints":{"allow":["GET"]}}],"collection":[{"href":"https:\/\/www.soggettogiuridico.it\/index.php?rest_route=\/wp\/v2\/pages"}],"about":[{"href":"https:\/\/www.soggettogiuridico.it\/index.php?rest_route=\/wp\/v2\/types\/page"}],"author":[{"embeddable":true,"href":"https:\/\/www.soggettogiuridico.it\/index.php?rest_route=\/wp\/v2\/users\/1"}],"replies":[{"embeddable":true,"href":"https:\/\/www.soggettogiuridico.it\/index.php?rest_route=%2Fwp%2Fv2%2Fcomments&post=101"}],"version-history":[{"count":1,"href":"https:\/\/www.soggettogiuridico.it\/index.php?rest_route=\/wp\/v2\/pages\/101\/revisions"}],"predecessor-version":[{"id":102,"href":"https:\/\/www.soggettogiuridico.it\/index.php?rest_route=\/wp\/v2\/pages\/101\/revisions\/102"}],"up":[{"embeddable":true,"href":"https:\/\/www.soggettogiuridico.it\/index.php?rest_route=\/wp\/v2\/pages\/78"}],"wp:attachment":[{"href":"https:\/\/www.soggettogiuridico.it\/index.php?rest_route=%2Fwp%2Fv2%2Fmedia&parent=101"}],"curies":[{"name":"wp","href":"https:\/\/api.w.org\/{rel}","templated":true}]}}